{"id":1209,"date":"2022-10-11T20:47:41","date_gmt":"2022-10-11T18:47:41","guid":{"rendered":"https:\/\/chaletsavoie.net\/?page_id=1209"},"modified":"2022-10-12T11:49:17","modified_gmt":"2022-10-12T09:49:17","slug":"reservation-chalets-en-ligne","status":"publish","type":"page","link":"https:\/\/chaletsavoie.net\/index.php\/fr\/reservation-chalets-en-ligne\/","title":{"rendered":"R\u00e9servez votre chalet"},"content":{"rendered":"\n<p>Pour la r\u00e9servation de chalets de 2 \u00e0 16 personnes, au coeur de l&rsquo;espace Diamant, \u00e0 ND de Bellecombe, Savoie.<\/p>\n\n\n\n<div id=\"ConstellationWidgetContainer8bb364d8-ce3d-432f-a7d8-83f1ba34c832\" style=\"width:100%\" title=\"Chalet Savoie: Les Chalets d'Heidi et le Chalet Le Lachat\" data-id-projet=\"8bb364d8ce3d432fa7d883f1ba34c832\">Chargement en cours&#8230;<\/div> <script type=\"text\/javascript\" src=\"https:\/\/reservation.elloha.com\/Scripts\/widget-loader.min.js?v=42\"><\/script> <script type=\"text\/javascript\">var constellationWidgetUrl8bb364d8ce3d432fa7d883f1ba34c832, constellationTypeModule8bb364d8ce3d432fa7d883f1ba34c832; constellationWidgetUrl8bb364d8ce3d432fa7d883f1ba34c832 = 'https:\/\/reservation.elloha.com\/Widget\/BookingEngine\/8bb364d8-ce3d-432f-a7d8-83f1ba34c832?idoi=57e58c2a-98e0-438a-bf3f-0dbfcef8f7f7&culture=fr-FR'; constellationTypeModule8bb364d8ce3d432fa7d883f1ba34c832=1; constellationWidgetLoad('ConstellationWidgetContainer8bb364d8-ce3d-432f-a7d8-83f1ba34c832'); constellationWidgetAddEvent(window, \"resize\", function () { constellationWidgetSetAppearance('ConstellationWidgetContainer8bb364d8-ce3d-432f-a7d8-83f1ba34c832'); });<\/script>\n\n\n\n<p>Meilleur tarif garanti sur notre site. Disponibilit\u00e9 en temps r\u00e9el. Ouverture de d\u00e9cembre \u00e0 octobre.<br>Consultez les <a href=\"https:\/\/chaletsavoie.net\/index.php\/fr\/avis-chalet-savoie-chalets-heidi\/\">avis de nos clients<\/a> qui ont r\u00e9serv\u00e9 nos chalets.<\/p>\n\n\n\n<figure class=\"wp-block-image size-large\"><img loading=\"lazy\" decoding=\"async\" width=\"1024\" height=\"537\" src=\"https:\/\/chaletsavoie.net\/wp-content\/uploads\/2021\/09\/panoramique-chalet-savoie-ski-1024x537.jpg\" alt=\"Location chalet savoie, Les Chalets d'Heidi\" class=\"wp-image-236\" srcset=\"https:\/\/chaletsavoie.net\/wp-content\/uploads\/2021\/09\/panoramique-chalet-savoie-ski-1024x537.jpg 1024w, https:\/\/chaletsavoie.net\/wp-content\/uploads\/2021\/09\/panoramique-chalet-savoie-ski-300x157.jpg 300w, https:\/\/chaletsavoie.net\/wp-content\/uploads\/2021\/09\/panoramique-chalet-savoie-ski-768x403.jpg 768w, https:\/\/chaletsavoie.net\/wp-content\/uploads\/2021\/09\/panoramique-chalet-savoie-ski-114x60.jpg 114w, https:\/\/chaletsavoie.net\/wp-content\/uploads\/2021\/09\/panoramique-chalet-savoie-ski.jpg 1300w\" sizes=\"auto, (max-width: 1024px) 100vw, 1024px\" \/><figcaption> Les Chalets d\u2019Heidi, \u00e0 350m des pistes de ski<\/figcaption><\/figure>\n\n\n\n<figure class=\"wp-block-image size-large\"><img loading=\"lazy\" decoding=\"async\" width=\"1024\" height=\"576\" src=\"https:\/\/chaletsavoie.net\/wp-content\/uploads\/2021\/09\/mont-rond-by-night-1024x576.jpg\" alt=\"Mont Rond by Night\" class=\"wp-image-91\" srcset=\"https:\/\/chaletsavoie.net\/wp-content\/uploads\/2021\/09\/mont-rond-by-night-1024x576.jpg 1024w, https:\/\/chaletsavoie.net\/wp-content\/uploads\/2021\/09\/mont-rond-by-night-300x170.jpg 300w, https:\/\/chaletsavoie.net\/wp-content\/uploads\/2021\/09\/mont-rond-by-night-768x432.jpg 768w, https:\/\/chaletsavoie.net\/wp-content\/uploads\/2021\/09\/mont-rond-by-night-1536x864.jpg 1536w, https:\/\/chaletsavoie.net\/wp-content\/uploads\/2021\/09\/mont-rond-by-night-107x60.jpg 107w, https:\/\/chaletsavoie.net\/wp-content\/uploads\/2021\/09\/mont-rond-by-night.jpg 1600w\" sizes=\"auto, (max-width: 1024px) 100vw, 1024px\" \/><figcaption>Le Chalet Lachat, au coeur de l&rsquo;espace Diamant<\/figcaption><\/figure>\n\n\n\n<p>R\u00e9servation s\u00e9curis\u00e9e, en temps r\u00e9el pour les chalets d&rsquo;Heidi et le Chalet Lachat. <br>Les chalets sont au coeur de l&rsquo;Espace Diamant (Notre Dame de Bellecombe, Les Saisies, Praz sur Arly, Flumet et Crest Voland). Ilks sont aussi au d\u00e9part de nombreux sentiers de randonn\u00e9e.<\/p>\n","protected":false},"excerpt":{"rendered":"<p>Pour la r\u00e9servation de chalets de 2 \u00e0 16 personnes, au coeur de l&rsquo;espace Diamant, \u00e0 ND de Bellecombe, Savoie. Chargement en cours&#8230; Meilleur tarif garanti sur notre site. Disponibilit\u00e9 en temps r\u00e9el. Ouverture de d\u00e9cembre \u00e0 octobre.Consultez les avis de nos clients qui ont &hellip; <\/p>\n","protected":false},"author":1,"featured_media":0,"parent":0,"menu_order":0,"comment_status":"closed","ping_status":"closed","template":"","meta":{"footnotes":""},"class_list":["post-1209","page","type-page","status-publish","hentry"],"yoast_head":"<!-- This site is optimized with the Yoast SEO plugin v27.4 - https:\/\/yoast.com\/product\/yoast-seo-wordpress\/ -->\n<title>R\u00e9servation de chalets - Location de chalets en Savoie<\/title>\n<meta name=\"description\" content=\"R\u00e9servation de chalets en ligne. Chalet de 2 \u00e0 16 personnes, au coeur de l&#039;espace Diamant, ND de Bellecombe, Savoie.\" \/>\n<meta name=\"robots\" content=\"index, follow, max-snippet:-1, max-image-preview:large, max-video-preview:-1\" \/>\n<link rel=\"canonical\" href=\"https:\/\/chaletsavoie.net\/index.php\/fr\/reservation-chalets-en-ligne\/\" \/>\n<meta property=\"og:locale\" content=\"fr_FR\" \/>\n<meta property=\"og:type\" content=\"article\" \/>\n<meta property=\"og:title\" content=\"R\u00e9servation de chalets - Location de chalets en Savoie\" \/>\n<meta property=\"og:description\" content=\"R\u00e9servation de chalets en ligne. Chalet de 2 \u00e0 16 personnes, au coeur de l&#039;espace Diamant, ND de Bellecombe, Savoie.\" \/>\n<meta property=\"og:url\" content=\"https:\/\/chaletsavoie.net\/index.php\/fr\/reservation-chalets-en-ligne\/\" \/>\n<meta property=\"og:site_name\" content=\"Chaletsavoie.net : Locations de chalets et appartements\" \/>\n<meta property=\"article:modified_time\" content=\"2022-10-12T09:49:17+00:00\" \/>\n<meta property=\"og:image\" content=\"https:\/\/chaletsavoie.net\/wp-content\/uploads\/2021\/09\/panoramique-chalet-savoie-ski-1024x537.jpg\" \/>\n<meta name=\"twitter:card\" content=\"summary_large_image\" \/>\n<meta name=\"twitter:label1\" content=\"Dur\u00e9e de lecture estim\u00e9e\" \/>\n\t<meta name=\"twitter:data1\" content=\"2 minutes\" \/>\n<script type=\"application\/ld+json\" class=\"yoast-schema-graph\">{\"@context\":\"https:\\\/\\\/schema.org\",\"@graph\":[{\"@type\":\"WebPage\",\"@id\":\"https:\\\/\\\/chaletsavoie.net\\\/index.php\\\/fr\\\/reservation-chalets-en-ligne\\\/\",\"url\":\"https:\\\/\\\/chaletsavoie.net\\\/index.php\\\/fr\\\/reservation-chalets-en-ligne\\\/\",\"name\":\"R\u00e9servation de chalets - Location de chalets en Savoie\",\"isPartOf\":{\"@id\":\"https:\\\/\\\/chaletsavoie.net\\\/#website\"},\"primaryImageOfPage\":{\"@id\":\"https:\\\/\\\/chaletsavoie.net\\\/index.php\\\/fr\\\/reservation-chalets-en-ligne\\\/#primaryimage\"},\"image\":{\"@id\":\"https:\\\/\\\/chaletsavoie.net\\\/index.php\\\/fr\\\/reservation-chalets-en-ligne\\\/#primaryimage\"},\"thumbnailUrl\":\"https:\\\/\\\/chaletsavoie.net\\\/wp-content\\\/uploads\\\/2021\\\/09\\\/panoramique-chalet-savoie-ski-1024x537.jpg\",\"datePublished\":\"2022-10-11T18:47:41+00:00\",\"dateModified\":\"2022-10-12T09:49:17+00:00\",\"description\":\"R\u00e9servation de chalets en ligne. Chalet de 2 \u00e0 16 personnes, au coeur de l'espace Diamant, ND de Bellecombe, Savoie.\",\"breadcrumb\":{\"@id\":\"https:\\\/\\\/chaletsavoie.net\\\/index.php\\\/fr\\\/reservation-chalets-en-ligne\\\/#breadcrumb\"},\"inLanguage\":\"fr-FR\",\"potentialAction\":[{\"@type\":\"ReadAction\",\"target\":[\"https:\\\/\\\/chaletsavoie.net\\\/index.php\\\/fr\\\/reservation-chalets-en-ligne\\\/\"]}]},{\"@type\":\"ImageObject\",\"inLanguage\":\"fr-FR\",\"@id\":\"https:\\\/\\\/chaletsavoie.net\\\/index.php\\\/fr\\\/reservation-chalets-en-ligne\\\/#primaryimage\",\"url\":\"https:\\\/\\\/chaletsavoie.net\\\/wp-content\\\/uploads\\\/2021\\\/09\\\/panoramique-chalet-savoie-ski.jpg\",\"contentUrl\":\"https:\\\/\\\/chaletsavoie.net\\\/wp-content\\\/uploads\\\/2021\\\/09\\\/panoramique-chalet-savoie-ski.jpg\",\"width\":1300,\"height\":682,\"caption\":\"Les Chalets d\u2019Heidi, Location chalet Savoie, Notre Dame de Bellecombe, Savoie, France\"},{\"@type\":\"BreadcrumbList\",\"@id\":\"https:\\\/\\\/chaletsavoie.net\\\/index.php\\\/fr\\\/reservation-chalets-en-ligne\\\/#breadcrumb\",\"itemListElement\":[{\"@type\":\"ListItem\",\"position\":1,\"name\":\"Accueil\",\"item\":\"https:\\\/\\\/www.chaletsavoie.net\\\/index.php\\\/fr\\\/\"},{\"@type\":\"ListItem\",\"position\":2,\"name\":\"R\u00e9servez votre chalet\"}]},{\"@type\":\"WebSite\",\"@id\":\"https:\\\/\\\/chaletsavoie.net\\\/#website\",\"url\":\"https:\\\/\\\/chaletsavoie.net\\\/\",\"name\":\"Chaletsavoie : Locations de chalets et appartements\",\"description\":\"Pour les vacances, Chalets et appartements \u00e0 louer en Savoie, \u00e0 ND de Bellecombe, au coeur de l&#039;Espace Diamant\",\"publisher\":{\"@id\":\"https:\\\/\\\/chaletsavoie.net\\\/#organization\"},\"potentialAction\":[{\"@type\":\"SearchAction\",\"target\":{\"@type\":\"EntryPoint\",\"urlTemplate\":\"https:\\\/\\\/chaletsavoie.net\\\/?s={search_term_string}\"},\"query-input\":{\"@type\":\"PropertyValueSpecification\",\"valueRequired\":true,\"valueName\":\"search_term_string\"}}],\"inLanguage\":\"fr-FR\"},{\"@type\":\"Organization\",\"@id\":\"https:\\\/\\\/chaletsavoie.net\\\/#organization\",\"name\":\"Chaletsavoie : Locations de chalets et appartements\",\"url\":\"https:\\\/\\\/chaletsavoie.net\\\/\",\"logo\":{\"@type\":\"ImageObject\",\"inLanguage\":\"fr-FR\",\"@id\":\"https:\\\/\\\/chaletsavoie.net\\\/#\\\/schema\\\/logo\\\/image\\\/\",\"url\":\"https:\\\/\\\/chaletsavoie.net\\\/wp-content\\\/uploads\\\/2022\\\/10\\\/vue-aerienne-chalets-heidi-2.jpg\",\"contentUrl\":\"https:\\\/\\\/chaletsavoie.net\\\/wp-content\\\/uploads\\\/2022\\\/10\\\/vue-aerienne-chalets-heidi-2.jpg\",\"width\":1680,\"height\":705,\"caption\":\"Chaletsavoie : Locations de chalets et appartements\"},\"image\":{\"@id\":\"https:\\\/\\\/chaletsavoie.net\\\/#\\\/schema\\\/logo\\\/image\\\/\"}}]}<\/script>\n<!-- \/ Yoast SEO plugin. -->","yoast_head_json":{"title":"R\u00e9servation de chalets - Location de chalets en Savoie","description":"R\u00e9servation de chalets en ligne. Chalet de 2 \u00e0 16 personnes, au coeur de l'espace Diamant, ND de Bellecombe, Savoie.","robots":{"index":"index","follow":"follow","max-snippet":"max-snippet:-1","max-image-preview":"max-image-preview:large","max-video-preview":"max-video-preview:-1"},"canonical":"https:\/\/chaletsavoie.net\/index.php\/fr\/reservation-chalets-en-ligne\/","og_locale":"fr_FR","og_type":"article","og_title":"R\u00e9servation de chalets - Location de chalets en Savoie","og_description":"R\u00e9servation de chalets en ligne. Chalet de 2 \u00e0 16 personnes, au coeur de l'espace Diamant, ND de Bellecombe, Savoie.","og_url":"https:\/\/chaletsavoie.net\/index.php\/fr\/reservation-chalets-en-ligne\/","og_site_name":"Chaletsavoie.net : Locations de chalets et appartements","article_modified_time":"2022-10-12T09:49:17+00:00","og_image":[{"url":"https:\/\/chaletsavoie.net\/wp-content\/uploads\/2021\/09\/panoramique-chalet-savoie-ski-1024x537.jpg","type":"","width":"","height":""}],"twitter_card":"summary_large_image","twitter_misc":{"Dur\u00e9e de lecture estim\u00e9e":"2 minutes"},"schema":{"@context":"https:\/\/schema.org","@graph":[{"@type":"WebPage","@id":"https:\/\/chaletsavoie.net\/index.php\/fr\/reservation-chalets-en-ligne\/","url":"https:\/\/chaletsavoie.net\/index.php\/fr\/reservation-chalets-en-ligne\/","name":"R\u00e9servation de chalets - Location de chalets en Savoie","isPartOf":{"@id":"https:\/\/chaletsavoie.net\/#website"},"primaryImageOfPage":{"@id":"https:\/\/chaletsavoie.net\/index.php\/fr\/reservation-chalets-en-ligne\/#primaryimage"},"image":{"@id":"https:\/\/chaletsavoie.net\/index.php\/fr\/reservation-chalets-en-ligne\/#primaryimage"},"thumbnailUrl":"https:\/\/chaletsavoie.net\/wp-content\/uploads\/2021\/09\/panoramique-chalet-savoie-ski-1024x537.jpg","datePublished":"2022-10-11T18:47:41+00:00","dateModified":"2022-10-12T09:49:17+00:00","description":"R\u00e9servation de chalets en ligne. Chalet de 2 \u00e0 16 personnes, au coeur de l'espace Diamant, ND de Bellecombe, Savoie.","breadcrumb":{"@id":"https:\/\/chaletsavoie.net\/index.php\/fr\/reservation-chalets-en-ligne\/#breadcrumb"},"inLanguage":"fr-FR","potentialAction":[{"@type":"ReadAction","target":["https:\/\/chaletsavoie.net\/index.php\/fr\/reservation-chalets-en-ligne\/"]}]},{"@type":"ImageObject","inLanguage":"fr-FR","@id":"https:\/\/chaletsavoie.net\/index.php\/fr\/reservation-chalets-en-ligne\/#primaryimage","url":"https:\/\/chaletsavoie.net\/wp-content\/uploads\/2021\/09\/panoramique-chalet-savoie-ski.jpg","contentUrl":"https:\/\/chaletsavoie.net\/wp-content\/uploads\/2021\/09\/panoramique-chalet-savoie-ski.jpg","width":1300,"height":682,"caption":"Les Chalets d\u2019Heidi, Location chalet Savoie, Notre Dame de Bellecombe, Savoie, France"},{"@type":"BreadcrumbList","@id":"https:\/\/chaletsavoie.net\/index.php\/fr\/reservation-chalets-en-ligne\/#breadcrumb","itemListElement":[{"@type":"ListItem","position":1,"name":"Accueil","item":"https:\/\/www.chaletsavoie.net\/index.php\/fr\/"},{"@type":"ListItem","position":2,"name":"R\u00e9servez votre chalet"}]},{"@type":"WebSite","@id":"https:\/\/chaletsavoie.net\/#website","url":"https:\/\/chaletsavoie.net\/","name":"Chaletsavoie : Locations de chalets et appartements","description":"Pour les vacances, Chalets et appartements \u00e0 louer en Savoie, \u00e0 ND de Bellecombe, au coeur de l&#039;Espace Diamant","publisher":{"@id":"https:\/\/chaletsavoie.net\/#organization"},"potentialAction":[{"@type":"SearchAction","target":{"@type":"EntryPoint","urlTemplate":"https:\/\/chaletsavoie.net\/?s={search_term_string}"},"query-input":{"@type":"PropertyValueSpecification","valueRequired":true,"valueName":"search_term_string"}}],"inLanguage":"fr-FR"},{"@type":"Organization","@id":"https:\/\/chaletsavoie.net\/#organization","name":"Chaletsavoie : Locations de chalets et appartements","url":"https:\/\/chaletsavoie.net\/","logo":{"@type":"ImageObject","inLanguage":"fr-FR","@id":"https:\/\/chaletsavoie.net\/#\/schema\/logo\/image\/","url":"https:\/\/chaletsavoie.net\/wp-content\/uploads\/2022\/10\/vue-aerienne-chalets-heidi-2.jpg","contentUrl":"https:\/\/chaletsavoie.net\/wp-content\/uploads\/2022\/10\/vue-aerienne-chalets-heidi-2.jpg","width":1680,"height":705,"caption":"Chaletsavoie : Locations de chalets et appartements"},"image":{"@id":"https:\/\/chaletsavoie.net\/#\/schema\/logo\/image\/"}}]}},"_links":{"self":[{"href":"https:\/\/chaletsavoie.net\/index.php\/wp-json\/wp\/v2\/pages\/1209","targetHints":{"allow":["GET"]}}],"collection":[{"href":"https:\/\/chaletsavoie.net\/index.php\/wp-json\/wp\/v2\/pages"}],"about":[{"href":"https:\/\/chaletsavoie.net\/index.php\/wp-json\/wp\/v2\/types\/page"}],"author":[{"embeddable":true,"href":"https:\/\/chaletsavoie.net\/index.php\/wp-json\/wp\/v2\/users\/1"}],"replies":[{"embeddable":true,"href":"https:\/\/chaletsavoie.net\/index.php\/wp-json\/wp\/v2\/comments?post=1209"}],"version-history":[{"count":8,"href":"https:\/\/chaletsavoie.net\/index.php\/wp-json\/wp\/v2\/pages\/1209\/revisions"}],"predecessor-version":[{"id":1257,"href":"https:\/\/chaletsavoie.net\/index.php\/wp-json\/wp\/v2\/pages\/1209\/revisions\/1257"}],"wp:attachment":[{"href":"https:\/\/chaletsavoie.net\/index.php\/wp-json\/wp\/v2\/media?parent=1209"}],"curies":[{"name":"wp","href":"https:\/\/api.w.org\/{rel}","templated":true}]}}