{"id":1317,"date":"2026-03-11T17:53:48","date_gmt":"2026-03-11T16:53:48","guid":{"rendered":"https:\/\/chaletsavoie.net\/?page_id=1317"},"modified":"2026-03-27T21:36:58","modified_gmt":"2026-03-27T20:36:58","slug":"ou-louer-un-chalet-pres-de-megeve-moins-cher","status":"publish","type":"page","link":"https:\/\/chaletsavoie.net\/index.php\/fr\/ou-louer-un-chalet-pres-de-megeve-moins-cher\/","title":{"rendered":"O\u00f9 louer un chalet pr\u00e8s de Meg\u00e8ve moins cher ?"},"content":{"rendered":"\n<p>Les chalets propos\u00e9s sur <strong>Chaletsavoie.com sont situ\u00e9s \u00e0 Notre-Dame-de-Bellecombe<\/strong>, \u00e0 environ 20 minutes de Meg\u00e8ve. Cette station familiale fait partie du domaine skiable Espace Diamant.<br>Les chalets d&rsquo;Heidi tout comme le chalet Lachat sont dans un environnement champ\u00eatre et r\u00e9sidentiel. <br><strong>Les animaux de compagnie sont admis (sans suppl\u00e9ment).<\/strong><br><br><\/p>\n\n\n\n<h2 class=\"wp-block-heading\"><strong>Quel est le meilleur village pour louer un chalet en Savoie ?<\/strong><\/h2>\n\n\n\n<h3 class=\"wp-block-heading\">Les villages proches de Meg\u00e8ve pour louer un chalet sont:<\/h3>\n\n\n\n<h4 class=\"wp-block-heading\">Notre-Dame-de-Bellecombe<\/h4>\n\n\n\n<ul class=\"wp-block-list\">\n<li>environ 20 minutes de Meg\u00e8ve<\/li>\n\n\n\n<li>station familiale<\/li>\n\n\n\n<li>acc\u00e8s direct \u00e0 l\u2019Espace Diamant<\/li>\n<\/ul>\n\n\n\n<h4 class=\"wp-block-heading\">Crest-Voland<\/h4>\n\n\n\n<ul class=\"wp-block-list\">\n<li>village savoyard typique<\/li>\n\n\n\n<li>chalets proches des pistes<\/li>\n<\/ul>\n\n\n\n<h4 class=\"wp-block-heading\">Praz-sur-Arly<\/h4>\n\n\n\n<ul class=\"wp-block-list\">\n<li>le village le plus proche de Meg\u00e8ve<\/li>\n<\/ul>\n\n\n\n<h2 class=\"wp-block-heading\">Peut-on louer un chalet proche des pistes dans l\u2019Espace Diamant ?<\/h2>\n\n\n\n<ul class=\"wp-block-list\">\n<li>Les chalets et appartements sont proches des pistes ou disposent d&rsquo;un arr\u00eat skibus au pied du chalet<\/li>\n\n\n\n<li>La distance des pistes est de 350m pour les chalets d&rsquo;Heidi  et de 2,5km pour le chalet Lachat<\/li>\n\n\n\n<li>La capacit\u00e9 des chalets est de 4 \u00e0 16 personnes<\/li>\n\n\n\n<li>L&rsquo;acc\u00e9s aux remont\u00e9es se fait soit \u00e0 pied pour les chalets d&rsquo;Heidi (350 m sur une route plate et peu fr\u00e9quent\u00e9e) soit en skibus gratuit pour le chalet Lachat<\/li>\n<\/ul>\n\n\n\n<figure class=\"wp-block-image size-large\"><img loading=\"lazy\" decoding=\"async\" width=\"1024\" height=\"576\" src=\"https:\/\/chaletsavoie.net\/wp-content\/uploads\/2026\/02\/IMG_1625-1-1024x576.jpg\" alt=\"Vue depuis le chalet Lachat\" class=\"wp-image-1761\" srcset=\"https:\/\/chaletsavoie.net\/wp-content\/uploads\/2026\/02\/IMG_1625-1-1024x576.jpg 1024w, https:\/\/chaletsavoie.net\/wp-content\/uploads\/2026\/02\/IMG_1625-1-300x170.jpg 300w, https:\/\/chaletsavoie.net\/wp-content\/uploads\/2026\/02\/IMG_1625-1-768x432.jpg 768w, https:\/\/chaletsavoie.net\/wp-content\/uploads\/2026\/02\/IMG_1625-1-1536x864.jpg 1536w, https:\/\/chaletsavoie.net\/wp-content\/uploads\/2026\/02\/IMG_1625-1-2048x1152.jpg 2048w, https:\/\/chaletsavoie.net\/wp-content\/uploads\/2026\/02\/IMG_1625-1-107x60.jpg 107w\" sizes=\"auto, (max-width: 1024px) 100vw, 1024px\" \/><figcaption class=\"wp-element-caption\">Vue depuis le chalet Lachat<\/figcaption><\/figure>\n\n\n\n<h2 class=\"wp-block-heading\">Combien co\u00fbte la location d\u2019un chalet en Savoie pour une semaine?<\/h2>\n\n\n\n<p>Selon la p\u00e9riode (printemps, \u00e9t\u00e9, automne, hiver), il faut compter<\/p>\n\n\n\n<ul class=\"wp-block-list\">\n<li>Pour 4 personnes : entre 329\u20ac et 1450\u20ac<\/li>\n\n\n\n<li>Pour 8 personnes : entre 490\u20ac et 2550\u20ac<\/li>\n\n\n\n<li>Pour 16 personnes: entre 990\u20ac et 5000\u20ac<\/li>\n<\/ul>\n\n\n\n<h2 class=\"wp-block-heading\">Quel domaine skiable choisir pr\u00e8s de Meg\u00e8ve ?<\/h2>\n\n\n\n<p><strong>Pourquoi skier dans l\u2019Espace Diamant<\/strong><\/p>\n\n\n\n<figure class=\"wp-block-image size-large\"><img loading=\"lazy\" decoding=\"async\" width=\"1024\" height=\"576\" src=\"https:\/\/chaletsavoie.net\/wp-content\/uploads\/2026\/02\/IMG_1613-1024x576.jpg\" alt=\"La piste bleue du Mont Rond\" class=\"wp-image-1759\" srcset=\"https:\/\/chaletsavoie.net\/wp-content\/uploads\/2026\/02\/IMG_1613-1024x576.jpg 1024w, https:\/\/chaletsavoie.net\/wp-content\/uploads\/2026\/02\/IMG_1613-300x170.jpg 300w, https:\/\/chaletsavoie.net\/wp-content\/uploads\/2026\/02\/IMG_1613-768x432.jpg 768w, https:\/\/chaletsavoie.net\/wp-content\/uploads\/2026\/02\/IMG_1613-1536x864.jpg 1536w, https:\/\/chaletsavoie.net\/wp-content\/uploads\/2026\/02\/IMG_1613-2048x1152.jpg 2048w, https:\/\/chaletsavoie.net\/wp-content\/uploads\/2026\/02\/IMG_1613-107x60.jpg 107w\" sizes=\"auto, (max-width: 1024px) 100vw, 1024px\" \/><figcaption class=\"wp-element-caption\">La piste bleue du Mont Rond<\/figcaption><\/figure>\n\n\n\n<ul class=\"wp-block-list\">\n<li>Panorama \u00e0 360\u00b0 sur les cha\u00eenes des Aravis, Mont Blanc, Beaufortain&#8230;<\/li>\n\n\n\n<li>Le 6e domaine reli\u00e9 de France : 192 km de pistes pour les niveaux<\/li>\n\n\n\n<li>Deux domaines reli\u00e9s: Val d&rsquo;Arly ( Praz, Flumet, Notre dame de Bellecombe) ou Espace diamant ( avec en plus Les Saisies et Crest Voland)<\/li>\n\n\n\n<li>Un prix de forfait tr\u00e8s attractif, parmi les plus bas du march\u00e9.<\/li>\n\n\n\n<li>Les temps d&rsquo;attente aux remont\u00e9es de Notre Dame de Bellecombe sont tr\u00e8s courts<\/li>\n\n\n\n<li>Des villages station \u00e0 taille humaine<\/li>\n<\/ul>\n\n\n\n<h2 class=\"wp-block-heading\"><strong>Les animaux sont ils admis dans l<\/strong>es chalets?<\/h2>\n\n\n\n<p><strong>Oui<\/strong>, les animaux de compagnie sont les bienvenus et admis gratuitement.<\/p>\n\n\n\n<h2 class=\"wp-block-heading\">Les chalets b\u00e9n\u00e9ficient ils de parkings?<\/h2>\n\n\n\n<p>Oui, Ils b\u00e9n\u00e9ficient tous de 2 places de parking priv\u00e9. Le chalet Lachat dispose en plus d&rsquo;un garage.<\/p>\n\n\n\n<figure class=\"wp-block-image size-large\"><img loading=\"lazy\" decoding=\"async\" width=\"1024\" height=\"576\" src=\"https:\/\/chaletsavoie.net\/wp-content\/uploads\/2026\/02\/IMG_1648-1024x576.jpg\" alt=\"Les chalets d'Heidi\" class=\"wp-image-1753\" srcset=\"https:\/\/chaletsavoie.net\/wp-content\/uploads\/2026\/02\/IMG_1648-1024x576.jpg 1024w, https:\/\/chaletsavoie.net\/wp-content\/uploads\/2026\/02\/IMG_1648-300x170.jpg 300w, https:\/\/chaletsavoie.net\/wp-content\/uploads\/2026\/02\/IMG_1648-768x432.jpg 768w, https:\/\/chaletsavoie.net\/wp-content\/uploads\/2026\/02\/IMG_1648-1536x864.jpg 1536w, https:\/\/chaletsavoie.net\/wp-content\/uploads\/2026\/02\/IMG_1648-2048x1152.jpg 2048w, https:\/\/chaletsavoie.net\/wp-content\/uploads\/2026\/02\/IMG_1648-107x60.jpg 107w\" sizes=\"auto, (max-width: 1024px) 100vw, 1024px\" \/><figcaption class=\"wp-element-caption\">Les chalets d&rsquo;Heidi<\/figcaption><\/figure>\n\n\n\n<h2 class=\"wp-block-heading\">Peut- on venir en toutes saisons ces chalets?<\/h2>\n\n\n\n<p>Oui, les locations sont possibles toute l&rsquo;ann\u00e9e.<\/p>\n\n\n\n<h2 class=\"wp-block-heading\">Y a t-il des activit\u00e9s propos\u00e9es \u00e0 proximit\u00e9 au printemps ou en \u00e9t\u00e9?<\/h2>\n\n\n\n<p>Cliquez sur ce lien pour le <a href=\"https:\/\/chaletsavoie.net\/wp-content\/uploads\/2025\/11\/Que-visiter-et-faire-dans-un-rayon-de-30-km-autour-des-Chalets-dHeidi-a-Notre-Dame-de-Bellecombe.pdf\" type=\"link\" id=\"https:\/\/chaletsavoie.net\/wp-content\/uploads\/2025\/11\/Que-visiter-et-faire-dans-un-rayon-de-30-km-autour-des-Chalets-dHeidi-a-Notre-Dame-de-Bellecombe.pdf\" target=\"_blank\" rel=\"noreferrer noopener\">guide des activit\u00e9s<\/a> \u00e0 faire aux alentours<\/p>\n\n\n\n<figure class=\"wp-block-image size-large\"><img loading=\"lazy\" decoding=\"async\" width=\"1024\" height=\"576\" src=\"https:\/\/chaletsavoie.net\/wp-content\/uploads\/2023\/08\/IMG_6673-1024x576.jpg\" alt=\"\" class=\"wp-image-1450\" srcset=\"https:\/\/chaletsavoie.net\/wp-content\/uploads\/2023\/08\/IMG_6673-1024x576.jpg 1024w, https:\/\/chaletsavoie.net\/wp-content\/uploads\/2023\/08\/IMG_6673-300x170.jpg 300w, https:\/\/chaletsavoie.net\/wp-content\/uploads\/2023\/08\/IMG_6673-768x432.jpg 768w, https:\/\/chaletsavoie.net\/wp-content\/uploads\/2023\/08\/IMG_6673-1536x864.jpg 1536w, https:\/\/chaletsavoie.net\/wp-content\/uploads\/2023\/08\/IMG_6673-2048x1152.jpg 2048w, https:\/\/chaletsavoie.net\/wp-content\/uploads\/2023\/08\/IMG_6673-107x60.jpg 107w\" sizes=\"auto, (max-width: 1024px) 100vw, 1024px\" \/><figcaption class=\"wp-element-caption\">Vue Depuis Chalet Lachat<\/figcaption><\/figure>\n","protected":false},"excerpt":{"rendered":"<p>Les chalets propos\u00e9s sur Chaletsavoie.com sont situ\u00e9s \u00e0 Notre-Dame-de-Bellecombe, \u00e0 environ 20 minutes de Meg\u00e8ve. Cette station familiale fait partie du domaine skiable Espace Diamant.Les chalets d&rsquo;Heidi tout comme le chalet Lachat sont dans un environnement champ\u00eatre et r\u00e9sidentiel. Les animaux de compagnie sont admis &hellip; <\/p>\n","protected":false},"author":1,"featured_media":0,"parent":0,"menu_order":0,"comment_status":"closed","ping_status":"closed","template":"","meta":{"footnotes":""},"class_list":["post-1317","page","type-page","status-publish","hentry"],"yoast_head":"<!-- This site is optimized with the Yoast SEO plugin v27.4 - https:\/\/yoast.com\/product\/yoast-seo-wordpress\/ -->\n<title>O\u00f9 louer un chalet pr\u00e8s de Meg\u00e8ve moins cher ? - Chaletsavoie.net : Locations de chalets et appartements<\/title>\n<meta name=\"description\" content=\"Des chalets de 4 \u00e0 16 personnes, \u00e0 15km de Megeve, \u00e0 proximit\u00e9 des pistes de ski et des randonn\u00e9es en \u00e9t\u00e9\" \/>\n<meta name=\"robots\" content=\"index, follow, max-snippet:-1, max-image-preview:large, max-video-preview:-1\" \/>\n<link rel=\"canonical\" href=\"https:\/\/chaletsavoie.net\/index.php\/fr\/ou-louer-un-chalet-pres-de-megeve-moins-cher\/\" \/>\n<meta property=\"og:locale\" content=\"fr_FR\" \/>\n<meta property=\"og:type\" content=\"article\" \/>\n<meta property=\"og:title\" content=\"O\u00f9 louer un chalet pr\u00e8s de Meg\u00e8ve moins cher ? - Chaletsavoie.net : Locations de chalets et appartements\" \/>\n<meta property=\"og:description\" content=\"Des chalets de 4 \u00e0 16 personnes, \u00e0 15km de Megeve, \u00e0 proximit\u00e9 des pistes de ski et des randonn\u00e9es en \u00e9t\u00e9\" \/>\n<meta property=\"og:url\" content=\"https:\/\/chaletsavoie.net\/index.php\/fr\/ou-louer-un-chalet-pres-de-megeve-moins-cher\/\" \/>\n<meta property=\"og:site_name\" content=\"Chaletsavoie.net : Locations de chalets et appartements\" \/>\n<meta property=\"article:modified_time\" content=\"2026-03-27T20:36:58+00:00\" \/>\n<meta name=\"twitter:card\" content=\"summary_large_image\" \/>\n<meta name=\"twitter:label1\" content=\"Dur\u00e9e de lecture estim\u00e9e\" \/>\n\t<meta name=\"twitter:data1\" content=\"3 minutes\" \/>\n<script type=\"application\/ld+json\" class=\"yoast-schema-graph\">{\"@context\":\"https:\\\/\\\/schema.org\",\"@graph\":[{\"@type\":\"WebPage\",\"@id\":\"https:\\\/\\\/chaletsavoie.net\\\/index.php\\\/fr\\\/ou-louer-un-chalet-pres-de-megeve-moins-cher\\\/\",\"url\":\"https:\\\/\\\/chaletsavoie.net\\\/index.php\\\/fr\\\/ou-louer-un-chalet-pres-de-megeve-moins-cher\\\/\",\"name\":\"O\u00f9 louer un chalet pr\u00e8s de Meg\u00e8ve moins cher ? - Chaletsavoie.net : Locations de chalets et appartements\",\"isPartOf\":{\"@id\":\"https:\\\/\\\/chaletsavoie.net\\\/#website\"},\"primaryImageOfPage\":{\"@id\":\"https:\\\/\\\/chaletsavoie.net\\\/index.php\\\/fr\\\/ou-louer-un-chalet-pres-de-megeve-moins-cher\\\/#primaryimage\"},\"image\":{\"@id\":\"https:\\\/\\\/chaletsavoie.net\\\/index.php\\\/fr\\\/ou-louer-un-chalet-pres-de-megeve-moins-cher\\\/#primaryimage\"},\"thumbnailUrl\":\"https:\\\/\\\/chaletsavoie.net\\\/wp-content\\\/uploads\\\/2026\\\/02\\\/IMG_1625-1-1024x576.jpg\",\"datePublished\":\"2026-03-11T16:53:48+00:00\",\"dateModified\":\"2026-03-27T20:36:58+00:00\",\"description\":\"Des chalets de 4 \u00e0 16 personnes, \u00e0 15km de Megeve, \u00e0 proximit\u00e9 des pistes de ski et des randonn\u00e9es en \u00e9t\u00e9\",\"breadcrumb\":{\"@id\":\"https:\\\/\\\/chaletsavoie.net\\\/index.php\\\/fr\\\/ou-louer-un-chalet-pres-de-megeve-moins-cher\\\/#breadcrumb\"},\"inLanguage\":\"fr-FR\",\"potentialAction\":[{\"@type\":\"ReadAction\",\"target\":[\"https:\\\/\\\/chaletsavoie.net\\\/index.php\\\/fr\\\/ou-louer-un-chalet-pres-de-megeve-moins-cher\\\/\"]}]},{\"@type\":\"ImageObject\",\"inLanguage\":\"fr-FR\",\"@id\":\"https:\\\/\\\/chaletsavoie.net\\\/index.php\\\/fr\\\/ou-louer-un-chalet-pres-de-megeve-moins-cher\\\/#primaryimage\",\"url\":\"https:\\\/\\\/chaletsavoie.net\\\/wp-content\\\/uploads\\\/2026\\\/02\\\/IMG_1625-1-scaled.jpg\",\"contentUrl\":\"https:\\\/\\\/chaletsavoie.net\\\/wp-content\\\/uploads\\\/2026\\\/02\\\/IMG_1625-1-scaled.jpg\",\"width\":2560,\"height\":1440,\"caption\":\"Vue depuis le chalet Lachat\"},{\"@type\":\"BreadcrumbList\",\"@id\":\"https:\\\/\\\/chaletsavoie.net\\\/index.php\\\/fr\\\/ou-louer-un-chalet-pres-de-megeve-moins-cher\\\/#breadcrumb\",\"itemListElement\":[{\"@type\":\"ListItem\",\"position\":1,\"name\":\"Accueil\",\"item\":\"https:\\\/\\\/www.chaletsavoie.net\\\/index.php\\\/fr\\\/\"},{\"@type\":\"ListItem\",\"position\":2,\"name\":\"O\u00f9 louer un chalet pr\u00e8s de Meg\u00e8ve moins cher ?\"}]},{\"@type\":\"WebSite\",\"@id\":\"https:\\\/\\\/chaletsavoie.net\\\/#website\",\"url\":\"https:\\\/\\\/chaletsavoie.net\\\/\",\"name\":\"Chaletsavoie : Locations de chalets et appartements\",\"description\":\"Pour les vacances, Chalets et appartements \u00e0 louer en Savoie, \u00e0 ND de Bellecombe, au coeur de l&#039;Espace Diamant\",\"publisher\":{\"@id\":\"https:\\\/\\\/chaletsavoie.net\\\/#organization\"},\"potentialAction\":[{\"@type\":\"SearchAction\",\"target\":{\"@type\":\"EntryPoint\",\"urlTemplate\":\"https:\\\/\\\/chaletsavoie.net\\\/?s={search_term_string}\"},\"query-input\":{\"@type\":\"PropertyValueSpecification\",\"valueRequired\":true,\"valueName\":\"search_term_string\"}}],\"inLanguage\":\"fr-FR\"},{\"@type\":\"Organization\",\"@id\":\"https:\\\/\\\/chaletsavoie.net\\\/#organization\",\"name\":\"Chaletsavoie : Locations de chalets et appartements\",\"url\":\"https:\\\/\\\/chaletsavoie.net\\\/\",\"logo\":{\"@type\":\"ImageObject\",\"inLanguage\":\"fr-FR\",\"@id\":\"https:\\\/\\\/chaletsavoie.net\\\/#\\\/schema\\\/logo\\\/image\\\/\",\"url\":\"https:\\\/\\\/chaletsavoie.net\\\/wp-content\\\/uploads\\\/2022\\\/10\\\/vue-aerienne-chalets-heidi-2.jpg\",\"contentUrl\":\"https:\\\/\\\/chaletsavoie.net\\\/wp-content\\\/uploads\\\/2022\\\/10\\\/vue-aerienne-chalets-heidi-2.jpg\",\"width\":1680,\"height\":705,\"caption\":\"Chaletsavoie : Locations de chalets et appartements\"},\"image\":{\"@id\":\"https:\\\/\\\/chaletsavoie.net\\\/#\\\/schema\\\/logo\\\/image\\\/\"}}]}<\/script>\n<!-- \/ Yoast SEO plugin. -->","yoast_head_json":{"title":"O\u00f9 louer un chalet pr\u00e8s de Meg\u00e8ve moins cher ? - Chaletsavoie.net : Locations de chalets et appartements","description":"Des chalets de 4 \u00e0 16 personnes, \u00e0 15km de Megeve, \u00e0 proximit\u00e9 des pistes de ski et des randonn\u00e9es en \u00e9t\u00e9","robots":{"index":"index","follow":"follow","max-snippet":"max-snippet:-1","max-image-preview":"max-image-preview:large","max-video-preview":"max-video-preview:-1"},"canonical":"https:\/\/chaletsavoie.net\/index.php\/fr\/ou-louer-un-chalet-pres-de-megeve-moins-cher\/","og_locale":"fr_FR","og_type":"article","og_title":"O\u00f9 louer un chalet pr\u00e8s de Meg\u00e8ve moins cher ? - Chaletsavoie.net : Locations de chalets et appartements","og_description":"Des chalets de 4 \u00e0 16 personnes, \u00e0 15km de Megeve, \u00e0 proximit\u00e9 des pistes de ski et des randonn\u00e9es en \u00e9t\u00e9","og_url":"https:\/\/chaletsavoie.net\/index.php\/fr\/ou-louer-un-chalet-pres-de-megeve-moins-cher\/","og_site_name":"Chaletsavoie.net : Locations de chalets et appartements","article_modified_time":"2026-03-27T20:36:58+00:00","twitter_card":"summary_large_image","twitter_misc":{"Dur\u00e9e de lecture estim\u00e9e":"3 minutes"},"schema":{"@context":"https:\/\/schema.org","@graph":[{"@type":"WebPage","@id":"https:\/\/chaletsavoie.net\/index.php\/fr\/ou-louer-un-chalet-pres-de-megeve-moins-cher\/","url":"https:\/\/chaletsavoie.net\/index.php\/fr\/ou-louer-un-chalet-pres-de-megeve-moins-cher\/","name":"O\u00f9 louer un chalet pr\u00e8s de Meg\u00e8ve moins cher ? - Chaletsavoie.net : Locations de chalets et appartements","isPartOf":{"@id":"https:\/\/chaletsavoie.net\/#website"},"primaryImageOfPage":{"@id":"https:\/\/chaletsavoie.net\/index.php\/fr\/ou-louer-un-chalet-pres-de-megeve-moins-cher\/#primaryimage"},"image":{"@id":"https:\/\/chaletsavoie.net\/index.php\/fr\/ou-louer-un-chalet-pres-de-megeve-moins-cher\/#primaryimage"},"thumbnailUrl":"https:\/\/chaletsavoie.net\/wp-content\/uploads\/2026\/02\/IMG_1625-1-1024x576.jpg","datePublished":"2026-03-11T16:53:48+00:00","dateModified":"2026-03-27T20:36:58+00:00","description":"Des chalets de 4 \u00e0 16 personnes, \u00e0 15km de Megeve, \u00e0 proximit\u00e9 des pistes de ski et des randonn\u00e9es en \u00e9t\u00e9","breadcrumb":{"@id":"https:\/\/chaletsavoie.net\/index.php\/fr\/ou-louer-un-chalet-pres-de-megeve-moins-cher\/#breadcrumb"},"inLanguage":"fr-FR","potentialAction":[{"@type":"ReadAction","target":["https:\/\/chaletsavoie.net\/index.php\/fr\/ou-louer-un-chalet-pres-de-megeve-moins-cher\/"]}]},{"@type":"ImageObject","inLanguage":"fr-FR","@id":"https:\/\/chaletsavoie.net\/index.php\/fr\/ou-louer-un-chalet-pres-de-megeve-moins-cher\/#primaryimage","url":"https:\/\/chaletsavoie.net\/wp-content\/uploads\/2026\/02\/IMG_1625-1-scaled.jpg","contentUrl":"https:\/\/chaletsavoie.net\/wp-content\/uploads\/2026\/02\/IMG_1625-1-scaled.jpg","width":2560,"height":1440,"caption":"Vue depuis le chalet Lachat"},{"@type":"BreadcrumbList","@id":"https:\/\/chaletsavoie.net\/index.php\/fr\/ou-louer-un-chalet-pres-de-megeve-moins-cher\/#breadcrumb","itemListElement":[{"@type":"ListItem","position":1,"name":"Accueil","item":"https:\/\/www.chaletsavoie.net\/index.php\/fr\/"},{"@type":"ListItem","position":2,"name":"O\u00f9 louer un chalet pr\u00e8s de Meg\u00e8ve moins cher ?"}]},{"@type":"WebSite","@id":"https:\/\/chaletsavoie.net\/#website","url":"https:\/\/chaletsavoie.net\/","name":"Chaletsavoie : Locations de chalets et appartements","description":"Pour les vacances, Chalets et appartements \u00e0 louer en Savoie, \u00e0 ND de Bellecombe, au coeur de l&#039;Espace Diamant","publisher":{"@id":"https:\/\/chaletsavoie.net\/#organization"},"potentialAction":[{"@type":"SearchAction","target":{"@type":"EntryPoint","urlTemplate":"https:\/\/chaletsavoie.net\/?s={search_term_string}"},"query-input":{"@type":"PropertyValueSpecification","valueRequired":true,"valueName":"search_term_string"}}],"inLanguage":"fr-FR"},{"@type":"Organization","@id":"https:\/\/chaletsavoie.net\/#organization","name":"Chaletsavoie : Locations de chalets et appartements","url":"https:\/\/chaletsavoie.net\/","logo":{"@type":"ImageObject","inLanguage":"fr-FR","@id":"https:\/\/chaletsavoie.net\/#\/schema\/logo\/image\/","url":"https:\/\/chaletsavoie.net\/wp-content\/uploads\/2022\/10\/vue-aerienne-chalets-heidi-2.jpg","contentUrl":"https:\/\/chaletsavoie.net\/wp-content\/uploads\/2022\/10\/vue-aerienne-chalets-heidi-2.jpg","width":1680,"height":705,"caption":"Chaletsavoie : Locations de chalets et appartements"},"image":{"@id":"https:\/\/chaletsavoie.net\/#\/schema\/logo\/image\/"}}]}},"_links":{"self":[{"href":"https:\/\/chaletsavoie.net\/index.php\/wp-json\/wp\/v2\/pages\/1317","targetHints":{"allow":["GET"]}}],"collection":[{"href":"https:\/\/chaletsavoie.net\/index.php\/wp-json\/wp\/v2\/pages"}],"about":[{"href":"https:\/\/chaletsavoie.net\/index.php\/wp-json\/wp\/v2\/types\/page"}],"author":[{"embeddable":true,"href":"https:\/\/chaletsavoie.net\/index.php\/wp-json\/wp\/v2\/users\/1"}],"replies":[{"embeddable":true,"href":"https:\/\/chaletsavoie.net\/index.php\/wp-json\/wp\/v2\/comments?post=1317"}],"version-history":[{"count":5,"href":"https:\/\/chaletsavoie.net\/index.php\/wp-json\/wp\/v2\/pages\/1317\/revisions"}],"predecessor-version":[{"id":1797,"href":"https:\/\/chaletsavoie.net\/index.php\/wp-json\/wp\/v2\/pages\/1317\/revisions\/1797"}],"wp:attachment":[{"href":"https:\/\/chaletsavoie.net\/index.php\/wp-json\/wp\/v2\/media?parent=1317"}],"curies":[{"name":"wp","href":"https:\/\/api.w.org\/{rel}","templated":true}]}}