{"id":1770,"date":"2026-03-11T18:32:02","date_gmt":"2026-03-11T17:32:02","guid":{"rendered":"https:\/\/chaletsavoie.net\/?page_id=1770"},"modified":"2026-03-11T18:53:48","modified_gmt":"2026-03-11T17:53:48","slug":"where-can-i-rent-a-chalet-near-megeve-for-less","status":"publish","type":"page","link":"https:\/\/chaletsavoie.net\/index.php\/en\/where-can-i-rent-a-chalet-near-megeve-for-less\/","title":{"rendered":"Where can I rent a chalet near Meg\u00e8ve for less?"},"content":{"rendered":"\n<p>The chalets offered on <strong>Chaletsavoie.com are located in Notre-Dame-de-Bellecombe<\/strong> , approximately 20 minutes from Meg\u00e8ve. This family-friendly resort is part of the Espace Diamant ski area.<br>Heidi&rsquo;s chalets, like the Lachat chalet, are in a rural and residential environment.<br><strong>Pets are allowed (no extra charge).<\/strong><br><br>&nbsp;<\/p>\n\n\n\n<h2 class=\"wp-block-heading\"><strong>Which is the best village to rent a chalet in Savoie?<\/strong><\/h2>\n\n\n\n<h3 class=\"wp-block-heading\">The villages near Meg\u00e8ve where you can rent a chalet are:<\/h3>\n\n\n\n<h4 class=\"wp-block-heading\">Notre-Dame-de-Bellecombe<\/h4>\n\n\n\n<ul class=\"wp-block-list\">\n<li>about 20 minutes from Meg\u00e8ve<\/li>\n\n\n\n<li>family resort<\/li>\n\n\n\n<li>direct access to the Diamond Area<\/li>\n<\/ul>\n\n\n\n<h4 class=\"wp-block-heading\">Crest-Voland<\/h4>\n\n\n\n<ul class=\"wp-block-list\">\n<li>typical Savoyard village<\/li>\n\n\n\n<li>chalets close to the slopes<\/li>\n<\/ul>\n\n\n\n<h4 class=\"wp-block-heading\">Praz-sur-Arly<\/h4>\n\n\n\n<ul class=\"wp-block-list\">\n<li>the nearest village to Meg\u00e8ve<\/li>\n<\/ul>\n\n\n\n<h2 class=\"wp-block-heading\">Is it possible to rent a chalet close to the slopes in Espace Diamant?<\/h2>\n\n\n\n<ul class=\"wp-block-list\">\n<li>The chalets and apartments are close to the slopes or have a ski bus stop right at the chalet.<\/li>\n\n\n\n<li>The distance to the slopes is 350m for the Heidi chalets and 2.5km for the Lachat chalet<\/li>\n\n\n\n<li>The chalets can accommodate from 4 to 16 people.<\/li>\n\n\n\n<li>Access to the ski lifts is either on foot for the Heidi chalets (350m on a flat, quiet road) or by free ski bus for the Lachat chalet<\/li>\n<\/ul>\n\n\n\n<p>View from the Lachat chalet<\/p>\n\n\n\n<h2 class=\"wp-block-heading\">How much does it cost to rent a chalet in Savoie for a week?<\/h2>\n\n\n\n<p>Depending on the time of year (spring, summer, autumn, winter), you should expect to pay<\/p>\n\n\n\n<ul class=\"wp-block-list\">\n<li>Serves 4: between \u20ac329 and \u20ac1450<\/li>\n\n\n\n<li>For 8 people: between \u20ac490 and \u20ac2550<\/li>\n\n\n\n<li>For 16 people: between \u20ac990 and \u20ac5000<\/li>\n<\/ul>\n\n\n\n<h2 class=\"wp-block-heading\">Which ski area should I choose near Meg\u00e8ve?<\/h2>\n\n\n\n<p><strong>Why ski in the Espace Diamant?<\/strong><\/p>\n\n\n\n<ul class=\"wp-block-list\">\n<li>360\u00b0 panoramic view of the Aravis, Mont Blanc, Beaufortain mountain ranges\u2026<\/li>\n\n\n\n<li>The 6th largest interconnected ski area in France: 192 km of slopes for all levels<\/li>\n\n\n\n<li>Two linked areas: Val d&rsquo;Arly (Praz, Flumet, Notre Dame de Bellecombe) or Espace Diamant (including Les Saisies and Crest Voland)<\/li>\n\n\n\n<li>A very attractive package price, among the lowest on the market.<\/li>\n\n\n\n<li>Waiting times at the Notre Dame de Bellecombe lifts are very short<\/li>\n\n\n\n<li>Human-scale resort villages<\/li>\n<\/ul>\n\n\n\n<h2 class=\"wp-block-heading\"><strong>Are animals allowed in the<\/strong>Chalets?<\/h2>\n\n\n\n<p><strong>Yes<\/strong> , pets are welcome and admitted free of charge.<\/p>\n\n\n\n<h2 class=\"wp-block-heading\">Do the chalets have parking?<\/h2>\n\n\n\n<p>Yes, they all have 2 private parking spaces. Chalet Lachat also has a garage.<\/p>\n\n\n\n<p><img decoding=\"async\" src=\"https:\/\/chaletsavoie.net\/wp-content\/uploads\/2026\/02\/IMG_1648-1024x576.jpg\" alt=\"Heidi's cottages\" srcset=\"https:\/\/chaletsavoie.net\/wp-content\/uploads\/2026\/02\/IMG_1648-1024x576.jpg 1024w, https:\/\/chaletsavoie.net\/wp-content\/uploads\/2026\/02\/IMG_1648-300x170.jpg 300w, https:\/\/chaletsavoie.net\/wp-content\/uploads\/2026\/02\/IMG_1648-768x432.jpg 768w, https:\/\/chaletsavoie.net\/wp-content\/uploads\/2026\/02\/IMG_1648-1536x864.jpg 1536w, https:\/\/chaletsavoie.net\/wp-content\/uploads\/2026\/02\/IMG_1648-2048x1152.jpg 2048w, https:\/\/chaletsavoie.net\/wp-content\/uploads\/2026\/02\/IMG_1648-107x60.jpg 107w\" width=\"1024\"> Heidi&rsquo;s cottages<\/p>\n\n\n\n<h2 class=\"wp-block-heading\">Can we visit these chalets in all seasons?<\/h2>\n\n\n\n<p>Yes, rentals are possible all year round.<\/p>\n\n\n\n<h2 class=\"wp-block-heading\">Are there any activities offered nearby in the spring or summer?<\/h2>\n\n\n\n<p><br>Click on this link for the <a href=\"https:\/\/chaletsavoie.net\/wp-content\/uploads\/2025\/12\/What-to-visit.pdf\" type=\"link\" id=\"https:\/\/chaletsavoie.net\/wp-content\/uploads\/2025\/12\/What-to-visit.pdf\" target=\"_blank\" rel=\"noreferrer noopener\">guide to activities<\/a> to do in the surrounding area<\/p>\n","protected":false},"excerpt":{"rendered":"<p>The chalets offered on Chaletsavoie.com are located in Notre-Dame-de-Bellecombe , approximately 20 minutes from Meg\u00e8ve. This family-friendly resort is part of the Espace Diamant ski area.Heidi&rsquo;s chalets, like the Lachat chalet, are in a rural and residential environment.Pets are allowed (no extra charge). &nbsp; Which &hellip; <\/p>\n","protected":false},"author":1,"featured_media":0,"parent":0,"menu_order":0,"comment_status":"closed","ping_status":"closed","template":"","meta":{"footnotes":""},"class_list":["post-1770","page","type-page","status-publish","hentry"],"yoast_head":"<!-- This site is optimized with the Yoast SEO plugin v27.4 - https:\/\/yoast.com\/product\/yoast-seo-wordpress\/ -->\n<title>Where can I rent a chalet near Meg\u00e8ve for less? - Chaletsavoie.net : Locations de chalets et appartements<\/title>\n<meta name=\"description\" content=\"Des chalets de 4 \u00e0 16 personnes, \u00e0 15km de Megeve, \u00e0 proximit\u00e9 des pistes de ski et des randonn\u00e9es en \u00e9t\u00e9\" \/>\n<meta name=\"robots\" content=\"index, follow, max-snippet:-1, max-image-preview:large, max-video-preview:-1\" \/>\n<link rel=\"canonical\" href=\"https:\/\/chaletsavoie.net\/index.php\/en\/where-can-i-rent-a-chalet-near-megeve-for-less\/\" \/>\n<meta property=\"og:locale\" content=\"fr_FR\" \/>\n<meta property=\"og:type\" content=\"article\" \/>\n<meta property=\"og:title\" content=\"Where can I rent a chalet near Meg\u00e8ve for less? - Chaletsavoie.net : Locations de chalets et appartements\" \/>\n<meta property=\"og:description\" content=\"Des chalets de 4 \u00e0 16 personnes, \u00e0 15km de Megeve, \u00e0 proximit\u00e9 des pistes de ski et des randonn\u00e9es en \u00e9t\u00e9\" \/>\n<meta property=\"og:url\" content=\"https:\/\/chaletsavoie.net\/index.php\/en\/where-can-i-rent-a-chalet-near-megeve-for-less\/\" \/>\n<meta property=\"og:site_name\" content=\"Chaletsavoie.net : Locations de chalets et appartements\" \/>\n<meta property=\"article:modified_time\" content=\"2026-03-11T17:53:48+00:00\" \/>\n<meta property=\"og:image\" content=\"https:\/\/chaletsavoie.net\/wp-content\/uploads\/2026\/02\/IMG_1648-1024x576.jpg\" \/>\n<meta name=\"twitter:card\" content=\"summary_large_image\" \/>\n<meta name=\"twitter:label1\" content=\"Dur\u00e9e de lecture estim\u00e9e\" \/>\n\t<meta name=\"twitter:data1\" content=\"3 minutes\" \/>\n<script type=\"application\/ld+json\" class=\"yoast-schema-graph\">{\"@context\":\"https:\\\/\\\/schema.org\",\"@graph\":[{\"@type\":\"WebPage\",\"@id\":\"https:\\\/\\\/chaletsavoie.net\\\/index.php\\\/en\\\/where-can-i-rent-a-chalet-near-megeve-for-less\\\/\",\"url\":\"https:\\\/\\\/chaletsavoie.net\\\/index.php\\\/en\\\/where-can-i-rent-a-chalet-near-megeve-for-less\\\/\",\"name\":\"Where can I rent a chalet near Meg\u00e8ve for less? - Chaletsavoie.net : Locations de chalets et appartements\",\"isPartOf\":{\"@id\":\"https:\\\/\\\/chaletsavoie.net\\\/#website\"},\"primaryImageOfPage\":{\"@id\":\"https:\\\/\\\/chaletsavoie.net\\\/index.php\\\/en\\\/where-can-i-rent-a-chalet-near-megeve-for-less\\\/#primaryimage\"},\"image\":{\"@id\":\"https:\\\/\\\/chaletsavoie.net\\\/index.php\\\/en\\\/where-can-i-rent-a-chalet-near-megeve-for-less\\\/#primaryimage\"},\"thumbnailUrl\":\"https:\\\/\\\/chaletsavoie.net\\\/wp-content\\\/uploads\\\/2026\\\/02\\\/IMG_1648-1024x576.jpg\",\"datePublished\":\"2026-03-11T17:32:02+00:00\",\"dateModified\":\"2026-03-11T17:53:48+00:00\",\"description\":\"Des chalets de 4 \u00e0 16 personnes, \u00e0 15km de Megeve, \u00e0 proximit\u00e9 des pistes de ski et des randonn\u00e9es en \u00e9t\u00e9\",\"breadcrumb\":{\"@id\":\"https:\\\/\\\/chaletsavoie.net\\\/index.php\\\/en\\\/where-can-i-rent-a-chalet-near-megeve-for-less\\\/#breadcrumb\"},\"inLanguage\":\"fr-FR\",\"potentialAction\":[{\"@type\":\"ReadAction\",\"target\":[\"https:\\\/\\\/chaletsavoie.net\\\/index.php\\\/en\\\/where-can-i-rent-a-chalet-near-megeve-for-less\\\/\"]}]},{\"@type\":\"ImageObject\",\"inLanguage\":\"fr-FR\",\"@id\":\"https:\\\/\\\/chaletsavoie.net\\\/index.php\\\/en\\\/where-can-i-rent-a-chalet-near-megeve-for-less\\\/#primaryimage\",\"url\":\"https:\\\/\\\/chaletsavoie.net\\\/wp-content\\\/uploads\\\/2026\\\/02\\\/IMG_1648-scaled.jpg\",\"contentUrl\":\"https:\\\/\\\/chaletsavoie.net\\\/wp-content\\\/uploads\\\/2026\\\/02\\\/IMG_1648-scaled.jpg\",\"width\":2560,\"height\":1440,\"caption\":\"Les chalets d'Heidi\"},{\"@type\":\"BreadcrumbList\",\"@id\":\"https:\\\/\\\/chaletsavoie.net\\\/index.php\\\/en\\\/where-can-i-rent-a-chalet-near-megeve-for-less\\\/#breadcrumb\",\"itemListElement\":[{\"@type\":\"ListItem\",\"position\":1,\"name\":\"Accueil\",\"item\":\"https:\\\/\\\/www.chaletsavoie.net\\\/index.php\\\/fr\\\/\"},{\"@type\":\"ListItem\",\"position\":2,\"name\":\"Where can I rent a chalet near Meg\u00e8ve for less?\"}]},{\"@type\":\"WebSite\",\"@id\":\"https:\\\/\\\/chaletsavoie.net\\\/#website\",\"url\":\"https:\\\/\\\/chaletsavoie.net\\\/\",\"name\":\"Chaletsavoie : Locations de chalets et appartements\",\"description\":\"Pour les vacances, Chalets et appartements \u00e0 louer en Savoie, \u00e0 ND de Bellecombe, au coeur de l&#039;Espace Diamant\",\"publisher\":{\"@id\":\"https:\\\/\\\/chaletsavoie.net\\\/#organization\"},\"potentialAction\":[{\"@type\":\"SearchAction\",\"target\":{\"@type\":\"EntryPoint\",\"urlTemplate\":\"https:\\\/\\\/chaletsavoie.net\\\/?s={search_term_string}\"},\"query-input\":{\"@type\":\"PropertyValueSpecification\",\"valueRequired\":true,\"valueName\":\"search_term_string\"}}],\"inLanguage\":\"fr-FR\"},{\"@type\":\"Organization\",\"@id\":\"https:\\\/\\\/chaletsavoie.net\\\/#organization\",\"name\":\"Chaletsavoie : Locations de chalets et appartements\",\"url\":\"https:\\\/\\\/chaletsavoie.net\\\/\",\"logo\":{\"@type\":\"ImageObject\",\"inLanguage\":\"fr-FR\",\"@id\":\"https:\\\/\\\/chaletsavoie.net\\\/#\\\/schema\\\/logo\\\/image\\\/\",\"url\":\"https:\\\/\\\/chaletsavoie.net\\\/wp-content\\\/uploads\\\/2022\\\/10\\\/vue-aerienne-chalets-heidi-2.jpg\",\"contentUrl\":\"https:\\\/\\\/chaletsavoie.net\\\/wp-content\\\/uploads\\\/2022\\\/10\\\/vue-aerienne-chalets-heidi-2.jpg\",\"width\":1680,\"height\":705,\"caption\":\"Chaletsavoie : Locations de chalets et appartements\"},\"image\":{\"@id\":\"https:\\\/\\\/chaletsavoie.net\\\/#\\\/schema\\\/logo\\\/image\\\/\"}}]}<\/script>\n<!-- \/ Yoast SEO plugin. -->","yoast_head_json":{"title":"Where can I rent a chalet near Meg\u00e8ve for less? - Chaletsavoie.net : Locations de chalets et appartements","description":"Des chalets de 4 \u00e0 16 personnes, \u00e0 15km de Megeve, \u00e0 proximit\u00e9 des pistes de ski et des randonn\u00e9es en \u00e9t\u00e9","robots":{"index":"index","follow":"follow","max-snippet":"max-snippet:-1","max-image-preview":"max-image-preview:large","max-video-preview":"max-video-preview:-1"},"canonical":"https:\/\/chaletsavoie.net\/index.php\/en\/where-can-i-rent-a-chalet-near-megeve-for-less\/","og_locale":"fr_FR","og_type":"article","og_title":"Where can I rent a chalet near Meg\u00e8ve for less? - Chaletsavoie.net : Locations de chalets et appartements","og_description":"Des chalets de 4 \u00e0 16 personnes, \u00e0 15km de Megeve, \u00e0 proximit\u00e9 des pistes de ski et des randonn\u00e9es en \u00e9t\u00e9","og_url":"https:\/\/chaletsavoie.net\/index.php\/en\/where-can-i-rent-a-chalet-near-megeve-for-less\/","og_site_name":"Chaletsavoie.net : Locations de chalets et appartements","article_modified_time":"2026-03-11T17:53:48+00:00","og_image":[{"url":"https:\/\/chaletsavoie.net\/wp-content\/uploads\/2026\/02\/IMG_1648-1024x576.jpg","type":"","width":"","height":""}],"twitter_card":"summary_large_image","twitter_misc":{"Dur\u00e9e de lecture estim\u00e9e":"3 minutes"},"schema":{"@context":"https:\/\/schema.org","@graph":[{"@type":"WebPage","@id":"https:\/\/chaletsavoie.net\/index.php\/en\/where-can-i-rent-a-chalet-near-megeve-for-less\/","url":"https:\/\/chaletsavoie.net\/index.php\/en\/where-can-i-rent-a-chalet-near-megeve-for-less\/","name":"Where can I rent a chalet near Meg\u00e8ve for less? - Chaletsavoie.net : Locations de chalets et appartements","isPartOf":{"@id":"https:\/\/chaletsavoie.net\/#website"},"primaryImageOfPage":{"@id":"https:\/\/chaletsavoie.net\/index.php\/en\/where-can-i-rent-a-chalet-near-megeve-for-less\/#primaryimage"},"image":{"@id":"https:\/\/chaletsavoie.net\/index.php\/en\/where-can-i-rent-a-chalet-near-megeve-for-less\/#primaryimage"},"thumbnailUrl":"https:\/\/chaletsavoie.net\/wp-content\/uploads\/2026\/02\/IMG_1648-1024x576.jpg","datePublished":"2026-03-11T17:32:02+00:00","dateModified":"2026-03-11T17:53:48+00:00","description":"Des chalets de 4 \u00e0 16 personnes, \u00e0 15km de Megeve, \u00e0 proximit\u00e9 des pistes de ski et des randonn\u00e9es en \u00e9t\u00e9","breadcrumb":{"@id":"https:\/\/chaletsavoie.net\/index.php\/en\/where-can-i-rent-a-chalet-near-megeve-for-less\/#breadcrumb"},"inLanguage":"fr-FR","potentialAction":[{"@type":"ReadAction","target":["https:\/\/chaletsavoie.net\/index.php\/en\/where-can-i-rent-a-chalet-near-megeve-for-less\/"]}]},{"@type":"ImageObject","inLanguage":"fr-FR","@id":"https:\/\/chaletsavoie.net\/index.php\/en\/where-can-i-rent-a-chalet-near-megeve-for-less\/#primaryimage","url":"https:\/\/chaletsavoie.net\/wp-content\/uploads\/2026\/02\/IMG_1648-scaled.jpg","contentUrl":"https:\/\/chaletsavoie.net\/wp-content\/uploads\/2026\/02\/IMG_1648-scaled.jpg","width":2560,"height":1440,"caption":"Les chalets d'Heidi"},{"@type":"BreadcrumbList","@id":"https:\/\/chaletsavoie.net\/index.php\/en\/where-can-i-rent-a-chalet-near-megeve-for-less\/#breadcrumb","itemListElement":[{"@type":"ListItem","position":1,"name":"Accueil","item":"https:\/\/www.chaletsavoie.net\/index.php\/fr\/"},{"@type":"ListItem","position":2,"name":"Where can I rent a chalet near Meg\u00e8ve for less?"}]},{"@type":"WebSite","@id":"https:\/\/chaletsavoie.net\/#website","url":"https:\/\/chaletsavoie.net\/","name":"Chaletsavoie : Locations de chalets et appartements","description":"Pour les vacances, Chalets et appartements \u00e0 louer en Savoie, \u00e0 ND de Bellecombe, au coeur de l&#039;Espace Diamant","publisher":{"@id":"https:\/\/chaletsavoie.net\/#organization"},"potentialAction":[{"@type":"SearchAction","target":{"@type":"EntryPoint","urlTemplate":"https:\/\/chaletsavoie.net\/?s={search_term_string}"},"query-input":{"@type":"PropertyValueSpecification","valueRequired":true,"valueName":"search_term_string"}}],"inLanguage":"fr-FR"},{"@type":"Organization","@id":"https:\/\/chaletsavoie.net\/#organization","name":"Chaletsavoie : Locations de chalets et appartements","url":"https:\/\/chaletsavoie.net\/","logo":{"@type":"ImageObject","inLanguage":"fr-FR","@id":"https:\/\/chaletsavoie.net\/#\/schema\/logo\/image\/","url":"https:\/\/chaletsavoie.net\/wp-content\/uploads\/2022\/10\/vue-aerienne-chalets-heidi-2.jpg","contentUrl":"https:\/\/chaletsavoie.net\/wp-content\/uploads\/2022\/10\/vue-aerienne-chalets-heidi-2.jpg","width":1680,"height":705,"caption":"Chaletsavoie : Locations de chalets et appartements"},"image":{"@id":"https:\/\/chaletsavoie.net\/#\/schema\/logo\/image\/"}}]}},"_links":{"self":[{"href":"https:\/\/chaletsavoie.net\/index.php\/wp-json\/wp\/v2\/pages\/1770","targetHints":{"allow":["GET"]}}],"collection":[{"href":"https:\/\/chaletsavoie.net\/index.php\/wp-json\/wp\/v2\/pages"}],"about":[{"href":"https:\/\/chaletsavoie.net\/index.php\/wp-json\/wp\/v2\/types\/page"}],"author":[{"embeddable":true,"href":"https:\/\/chaletsavoie.net\/index.php\/wp-json\/wp\/v2\/users\/1"}],"replies":[{"embeddable":true,"href":"https:\/\/chaletsavoie.net\/index.php\/wp-json\/wp\/v2\/comments?post=1770"}],"version-history":[{"count":2,"href":"https:\/\/chaletsavoie.net\/index.php\/wp-json\/wp\/v2\/pages\/1770\/revisions"}],"predecessor-version":[{"id":1793,"href":"https:\/\/chaletsavoie.net\/index.php\/wp-json\/wp\/v2\/pages\/1770\/revisions\/1793"}],"wp:attachment":[{"href":"https:\/\/chaletsavoie.net\/index.php\/wp-json\/wp\/v2\/media?parent=1770"}],"curies":[{"name":"wp","href":"https:\/\/api.w.org\/{rel}","templated":true}]}}