{"id":1781,"date":"2026-03-11T18:35:28","date_gmt":"2026-03-11T17:35:28","guid":{"rendered":"https:\/\/chaletsavoie.net\/?page_id=1781"},"modified":"2026-03-11T18:57:25","modified_gmt":"2026-03-11T17:57:25","slug":"dove-posso-affittare-uno-chalet-vicino-a-megeve-a-un-prezzo-piu-basso","status":"publish","type":"page","link":"https:\/\/chaletsavoie.net\/index.php\/it\/dove-posso-affittare-uno-chalet-vicino-a-megeve-a-un-prezzo-piu-basso\/","title":{"rendered":"Dove posso affittare uno chalet vicino a Meg\u00e8ve a un prezzo pi\u00f9 basso?"},"content":{"rendered":"\n<p>Gli chalet offerti su <strong>Chaletsavoie.com si trovano a Notre-Dame-de-Bellecombe<\/strong> , a circa 20 minuti da Meg\u00e8ve. Questa localit\u00e0 adatta alle famiglie fa parte del comprensorio sciistico Espace Diamant.<br>Gli chalet di Heidi, come lo chalet Lachat, si trovano in un ambiente rurale e residenziale.<br><strong>Sono ammessi animali domestici (senza costi aggiuntivi).<\/strong><br><br>&nbsp;<\/p>\n\n\n\n<h2 class=\"wp-block-heading\"><strong>Qual \u00e8 il miglior villaggio in cui affittare uno chalet in Savoia?<\/strong><\/h2>\n\n\n\n<h3 class=\"wp-block-heading\">I villaggi vicino a Meg\u00e8ve dove \u00e8 possibile affittare uno chalet sono:<\/h3>\n\n\n\n<h4 class=\"wp-block-heading\">Notre-Dame-de-Bellecombe<\/h4>\n\n\n\n<ul class=\"wp-block-list\">\n<li>a circa 20 minuti da Meg\u00e8ve<\/li>\n\n\n\n<li>resort per famiglie<\/li>\n\n\n\n<li>accesso diretto alla Diamond Area<\/li>\n<\/ul>\n\n\n\n<h4 class=\"wp-block-heading\">Crest-Voland<\/h4>\n\n\n\n<ul class=\"wp-block-list\">\n<li>tipico villaggio savoiardo<\/li>\n\n\n\n<li>chalet vicino alle piste<\/li>\n<\/ul>\n\n\n\n<h4 class=\"wp-block-heading\">Praz-sur-Arly<\/h4>\n\n\n\n<ul class=\"wp-block-list\">\n<li>il villaggio pi\u00f9 vicino a Meg\u00e8ve<\/li>\n<\/ul>\n\n\n\n<h2 class=\"wp-block-heading\">\u00c8 possibile affittare uno chalet vicino alle piste dell&rsquo;Espace Diamant?<\/h2>\n\n\n\n<ul class=\"wp-block-list\">\n<li>Gli chalet e gli appartamenti sono vicini alle piste o hanno la fermata dello skibus proprio davanti allo chalet.<\/li>\n\n\n\n<li>La distanza dalle piste \u00e8 di 350 m per gli chalet Heidi e 2,5 km per lo chalet Lachat<\/li>\n\n\n\n<li>Gli chalet possono ospitare da 4 a 16 persone.<\/li>\n\n\n\n<li>L&rsquo;accesso agli impianti di risalita \u00e8 possibile a piedi per gli chalet Heidi (350 m su strada pianeggiante e tranquilla) o con lo skibus gratuito per lo chalet Lachat<\/li>\n<\/ul>\n\n\n\n<p>Vista dallo chalet Lachat<\/p>\n\n\n\n<h2 class=\"wp-block-heading\">Quanto costa affittare uno chalet in Savoia per una settimana?<\/h2>\n\n\n\n<p>A seconda del periodo dell&rsquo;anno (primavera, estate, autunno, inverno), dovresti aspettarti di pagare<\/p>\n\n\n\n<ul class=\"wp-block-list\">\n<li>Per 4 persone: tra \u20ac 329 e \u20ac 1450<\/li>\n\n\n\n<li>Per 8 persone: tra \u20ac 490 e \u20ac 2550<\/li>\n\n\n\n<li>Per 16 persone: tra \u20ac 990 e \u20ac 5000<\/li>\n<\/ul>\n\n\n\n<h2 class=\"wp-block-heading\">Quale comprensorio sciistico dovrei scegliere vicino a Meg\u00e8ve?<\/h2>\n\n\n\n<p><strong>Perch\u00e9 sciare nell&rsquo;Espace Diamant?<\/strong><\/p>\n\n\n\n<ul class=\"wp-block-list\">\n<li>Vista panoramica a 360\u00b0 sui massicci dell&rsquo;Aravis, del Monte Bianco, del Beaufortain&#8230;<\/li>\n\n\n\n<li>Il sesto comprensorio sciistico interconnesso pi\u00f9 grande della Francia: 192 km di piste per tutti i livelli<\/li>\n\n\n\n<li>Due zone collegate: Val d&rsquo;Arly (Praz, Flumet, Notre Dame de Bellecombe) o Espace Diamant (compresi Les Saisies e Crest Voland)<\/li>\n\n\n\n<li>Un prezzo del pacchetto molto interessante, tra i pi\u00f9 bassi del mercato.<\/li>\n\n\n\n<li>I tempi di attesa agli impianti di risalita di Notre Dame de Bellecombe sono molto brevi<\/li>\n\n\n\n<li>Villaggi turistici a misura d&rsquo;uomo<\/li>\n<\/ul>\n\n\n\n<h2 class=\"wp-block-heading\"><strong>Sono ammessi animali nel<\/strong>Gli chalet?<\/h2>\n\n\n\n<p><strong>S\u00ec<\/strong> , gli animali domestici sono benvenuti e ammessi gratuitamente.<\/p>\n\n\n\n<h2 class=\"wp-block-heading\">Gli chalet dispongono di parcheggio?<\/h2>\n\n\n\n<p>S\u00ec, tutti gli appartamenti dispongono di 2 posti auto privati. Lo Chalet Lachat dispone anche di un garage.<\/p>\n\n\n\n<p><img decoding=\"async\" src=\"https:\/\/chaletsavoie.net\/wp-content\/uploads\/2026\/02\/IMG_1648-1024x576.jpg\" alt=\"I cottage di Heidi\" srcset=\"https:\/\/chaletsavoie.net\/wp-content\/uploads\/2026\/02\/IMG_1648-1024x576.jpg 1024w, https:\/\/chaletsavoie.net\/wp-content\/uploads\/2026\/02\/IMG_1648-300x170.jpg 300w, https:\/\/chaletsavoie.net\/wp-content\/uploads\/2026\/02\/IMG_1648-768x432.jpg 768w, https:\/\/chaletsavoie.net\/wp-content\/uploads\/2026\/02\/IMG_1648-1536x864.jpg 1536w, https:\/\/chaletsavoie.net\/wp-content\/uploads\/2026\/02\/IMG_1648-2048x1152.jpg 2048w, https:\/\/chaletsavoie.net\/wp-content\/uploads\/2026\/02\/IMG_1648-107x60.jpg 107w\" width=\"1024\"> I cottage di Heidi<\/p>\n\n\n\n<h2 class=\"wp-block-heading\">\u00c8 possibile visitare questi chalet in tutte le stagioni?<\/h2>\n\n\n\n<p>S\u00ec, \u00e8 possibile noleggiare tutto l&rsquo;anno.<\/p>\n\n\n\n<h2 class=\"wp-block-heading\">Ci sono attivit\u00e0 disponibili nelle vicinanze in primavera o in estate?<\/h2>\n\n\n\n<p><br>Clicca su questo link per il <a href=\"https:\/\/chaletsavoie.net\/wp-content\/uploads\/2025\/12\/What-to-visit.pdf\" type=\"link\" id=\"https:\/\/chaletsavoie.net\/wp-content\/uploads\/2025\/12\/What-to-visit.pdf\" target=\"_blank\" rel=\"noreferrer noopener\">guida alle attivit\u00e0<\/a> da svolgere nei dintorni<\/p>\n","protected":false},"excerpt":{"rendered":"<p>Gli chalet offerti su Chaletsavoie.com si trovano a Notre-Dame-de-Bellecombe , a circa 20 minuti da Meg\u00e8ve. Questa localit\u00e0 adatta alle famiglie fa parte del comprensorio sciistico Espace Diamant.Gli chalet di Heidi, come lo chalet Lachat, si trovano in un ambiente rurale e residenziale.Sono ammessi animali &hellip; <\/p>\n","protected":false},"author":1,"featured_media":0,"parent":0,"menu_order":0,"comment_status":"closed","ping_status":"closed","template":"","meta":{"footnotes":""},"class_list":["post-1781","page","type-page","status-publish","hentry"],"yoast_head":"<!-- This site is optimized with the Yoast SEO plugin v27.4 - https:\/\/yoast.com\/product\/yoast-seo-wordpress\/ -->\n<title>Dove posso affittare uno chalet vicino a Meg\u00e8ve a un prezzo pi\u00f9 basso? - Chaletsavoie.net : Locations de chalets et appartements<\/title>\n<meta name=\"description\" content=\"Des chalets de 4 \u00e0 16 personnes, \u00e0 15km de Megeve, \u00e0 proximit\u00e9 des pistes de ski et des randonn\u00e9es en \u00e9t\u00e9\" \/>\n<meta name=\"robots\" content=\"index, follow, max-snippet:-1, max-image-preview:large, max-video-preview:-1\" \/>\n<link rel=\"canonical\" href=\"https:\/\/chaletsavoie.net\/index.php\/it\/dove-posso-affittare-uno-chalet-vicino-a-megeve-a-un-prezzo-piu-basso\/\" \/>\n<meta property=\"og:locale\" content=\"fr_FR\" \/>\n<meta property=\"og:type\" content=\"article\" \/>\n<meta property=\"og:title\" content=\"Dove posso affittare uno chalet vicino a Meg\u00e8ve a un prezzo pi\u00f9 basso? - Chaletsavoie.net : Locations de chalets et appartements\" \/>\n<meta property=\"og:description\" content=\"Des chalets de 4 \u00e0 16 personnes, \u00e0 15km de Megeve, \u00e0 proximit\u00e9 des pistes de ski et des randonn\u00e9es en \u00e9t\u00e9\" \/>\n<meta property=\"og:url\" content=\"https:\/\/chaletsavoie.net\/index.php\/it\/dove-posso-affittare-uno-chalet-vicino-a-megeve-a-un-prezzo-piu-basso\/\" \/>\n<meta property=\"og:site_name\" content=\"Chaletsavoie.net : Locations de chalets et appartements\" \/>\n<meta property=\"article:modified_time\" content=\"2026-03-11T17:57:25+00:00\" \/>\n<meta property=\"og:image\" content=\"https:\/\/chaletsavoie.net\/wp-content\/uploads\/2026\/02\/IMG_1648-1024x576.jpg\" \/>\n<meta name=\"twitter:card\" content=\"summary_large_image\" \/>\n<meta name=\"twitter:label1\" content=\"Dur\u00e9e de lecture estim\u00e9e\" \/>\n\t<meta name=\"twitter:data1\" content=\"3 minutes\" \/>\n<script type=\"application\/ld+json\" class=\"yoast-schema-graph\">{\"@context\":\"https:\\\/\\\/schema.org\",\"@graph\":[{\"@type\":\"WebPage\",\"@id\":\"https:\\\/\\\/chaletsavoie.net\\\/index.php\\\/it\\\/dove-posso-affittare-uno-chalet-vicino-a-megeve-a-un-prezzo-piu-basso\\\/\",\"url\":\"https:\\\/\\\/chaletsavoie.net\\\/index.php\\\/it\\\/dove-posso-affittare-uno-chalet-vicino-a-megeve-a-un-prezzo-piu-basso\\\/\",\"name\":\"Dove posso affittare uno chalet vicino a Meg\u00e8ve a un prezzo pi\u00f9 basso? - Chaletsavoie.net : Locations de chalets et appartements\",\"isPartOf\":{\"@id\":\"https:\\\/\\\/chaletsavoie.net\\\/#website\"},\"primaryImageOfPage\":{\"@id\":\"https:\\\/\\\/chaletsavoie.net\\\/index.php\\\/it\\\/dove-posso-affittare-uno-chalet-vicino-a-megeve-a-un-prezzo-piu-basso\\\/#primaryimage\"},\"image\":{\"@id\":\"https:\\\/\\\/chaletsavoie.net\\\/index.php\\\/it\\\/dove-posso-affittare-uno-chalet-vicino-a-megeve-a-un-prezzo-piu-basso\\\/#primaryimage\"},\"thumbnailUrl\":\"https:\\\/\\\/chaletsavoie.net\\\/wp-content\\\/uploads\\\/2026\\\/02\\\/IMG_1648-1024x576.jpg\",\"datePublished\":\"2026-03-11T17:35:28+00:00\",\"dateModified\":\"2026-03-11T17:57:25+00:00\",\"description\":\"Des chalets de 4 \u00e0 16 personnes, \u00e0 15km de Megeve, \u00e0 proximit\u00e9 des pistes de ski et des randonn\u00e9es en \u00e9t\u00e9\",\"breadcrumb\":{\"@id\":\"https:\\\/\\\/chaletsavoie.net\\\/index.php\\\/it\\\/dove-posso-affittare-uno-chalet-vicino-a-megeve-a-un-prezzo-piu-basso\\\/#breadcrumb\"},\"inLanguage\":\"fr-FR\",\"potentialAction\":[{\"@type\":\"ReadAction\",\"target\":[\"https:\\\/\\\/chaletsavoie.net\\\/index.php\\\/it\\\/dove-posso-affittare-uno-chalet-vicino-a-megeve-a-un-prezzo-piu-basso\\\/\"]}]},{\"@type\":\"ImageObject\",\"inLanguage\":\"fr-FR\",\"@id\":\"https:\\\/\\\/chaletsavoie.net\\\/index.php\\\/it\\\/dove-posso-affittare-uno-chalet-vicino-a-megeve-a-un-prezzo-piu-basso\\\/#primaryimage\",\"url\":\"https:\\\/\\\/chaletsavoie.net\\\/wp-content\\\/uploads\\\/2026\\\/02\\\/IMG_1648-scaled.jpg\",\"contentUrl\":\"https:\\\/\\\/chaletsavoie.net\\\/wp-content\\\/uploads\\\/2026\\\/02\\\/IMG_1648-scaled.jpg\",\"width\":2560,\"height\":1440,\"caption\":\"Les chalets d'Heidi\"},{\"@type\":\"BreadcrumbList\",\"@id\":\"https:\\\/\\\/chaletsavoie.net\\\/index.php\\\/it\\\/dove-posso-affittare-uno-chalet-vicino-a-megeve-a-un-prezzo-piu-basso\\\/#breadcrumb\",\"itemListElement\":[{\"@type\":\"ListItem\",\"position\":1,\"name\":\"Accueil\",\"item\":\"https:\\\/\\\/www.chaletsavoie.net\\\/index.php\\\/fr\\\/\"},{\"@type\":\"ListItem\",\"position\":2,\"name\":\"Dove posso affittare uno chalet vicino a Meg\u00e8ve a un prezzo pi\u00f9 basso?\"}]},{\"@type\":\"WebSite\",\"@id\":\"https:\\\/\\\/chaletsavoie.net\\\/#website\",\"url\":\"https:\\\/\\\/chaletsavoie.net\\\/\",\"name\":\"Chaletsavoie : Locations de chalets et appartements\",\"description\":\"Pour les vacances, Chalets et appartements \u00e0 louer en Savoie, \u00e0 ND de Bellecombe, au coeur de l&#039;Espace Diamant\",\"publisher\":{\"@id\":\"https:\\\/\\\/chaletsavoie.net\\\/#organization\"},\"potentialAction\":[{\"@type\":\"SearchAction\",\"target\":{\"@type\":\"EntryPoint\",\"urlTemplate\":\"https:\\\/\\\/chaletsavoie.net\\\/?s={search_term_string}\"},\"query-input\":{\"@type\":\"PropertyValueSpecification\",\"valueRequired\":true,\"valueName\":\"search_term_string\"}}],\"inLanguage\":\"fr-FR\"},{\"@type\":\"Organization\",\"@id\":\"https:\\\/\\\/chaletsavoie.net\\\/#organization\",\"name\":\"Chaletsavoie : Locations de chalets et appartements\",\"url\":\"https:\\\/\\\/chaletsavoie.net\\\/\",\"logo\":{\"@type\":\"ImageObject\",\"inLanguage\":\"fr-FR\",\"@id\":\"https:\\\/\\\/chaletsavoie.net\\\/#\\\/schema\\\/logo\\\/image\\\/\",\"url\":\"https:\\\/\\\/chaletsavoie.net\\\/wp-content\\\/uploads\\\/2022\\\/10\\\/vue-aerienne-chalets-heidi-2.jpg\",\"contentUrl\":\"https:\\\/\\\/chaletsavoie.net\\\/wp-content\\\/uploads\\\/2022\\\/10\\\/vue-aerienne-chalets-heidi-2.jpg\",\"width\":1680,\"height\":705,\"caption\":\"Chaletsavoie : Locations de chalets et appartements\"},\"image\":{\"@id\":\"https:\\\/\\\/chaletsavoie.net\\\/#\\\/schema\\\/logo\\\/image\\\/\"}}]}<\/script>\n<!-- \/ Yoast SEO plugin. -->","yoast_head_json":{"title":"Dove posso affittare uno chalet vicino a Meg\u00e8ve a un prezzo pi\u00f9 basso? - Chaletsavoie.net : Locations de chalets et appartements","description":"Des chalets de 4 \u00e0 16 personnes, \u00e0 15km de Megeve, \u00e0 proximit\u00e9 des pistes de ski et des randonn\u00e9es en \u00e9t\u00e9","robots":{"index":"index","follow":"follow","max-snippet":"max-snippet:-1","max-image-preview":"max-image-preview:large","max-video-preview":"max-video-preview:-1"},"canonical":"https:\/\/chaletsavoie.net\/index.php\/it\/dove-posso-affittare-uno-chalet-vicino-a-megeve-a-un-prezzo-piu-basso\/","og_locale":"fr_FR","og_type":"article","og_title":"Dove posso affittare uno chalet vicino a Meg\u00e8ve a un prezzo pi\u00f9 basso? - Chaletsavoie.net : Locations de chalets et appartements","og_description":"Des chalets de 4 \u00e0 16 personnes, \u00e0 15km de Megeve, \u00e0 proximit\u00e9 des pistes de ski et des randonn\u00e9es en \u00e9t\u00e9","og_url":"https:\/\/chaletsavoie.net\/index.php\/it\/dove-posso-affittare-uno-chalet-vicino-a-megeve-a-un-prezzo-piu-basso\/","og_site_name":"Chaletsavoie.net : Locations de chalets et appartements","article_modified_time":"2026-03-11T17:57:25+00:00","og_image":[{"url":"https:\/\/chaletsavoie.net\/wp-content\/uploads\/2026\/02\/IMG_1648-1024x576.jpg","type":"","width":"","height":""}],"twitter_card":"summary_large_image","twitter_misc":{"Dur\u00e9e de lecture estim\u00e9e":"3 minutes"},"schema":{"@context":"https:\/\/schema.org","@graph":[{"@type":"WebPage","@id":"https:\/\/chaletsavoie.net\/index.php\/it\/dove-posso-affittare-uno-chalet-vicino-a-megeve-a-un-prezzo-piu-basso\/","url":"https:\/\/chaletsavoie.net\/index.php\/it\/dove-posso-affittare-uno-chalet-vicino-a-megeve-a-un-prezzo-piu-basso\/","name":"Dove posso affittare uno chalet vicino a Meg\u00e8ve a un prezzo pi\u00f9 basso? - Chaletsavoie.net : Locations de chalets et appartements","isPartOf":{"@id":"https:\/\/chaletsavoie.net\/#website"},"primaryImageOfPage":{"@id":"https:\/\/chaletsavoie.net\/index.php\/it\/dove-posso-affittare-uno-chalet-vicino-a-megeve-a-un-prezzo-piu-basso\/#primaryimage"},"image":{"@id":"https:\/\/chaletsavoie.net\/index.php\/it\/dove-posso-affittare-uno-chalet-vicino-a-megeve-a-un-prezzo-piu-basso\/#primaryimage"},"thumbnailUrl":"https:\/\/chaletsavoie.net\/wp-content\/uploads\/2026\/02\/IMG_1648-1024x576.jpg","datePublished":"2026-03-11T17:35:28+00:00","dateModified":"2026-03-11T17:57:25+00:00","description":"Des chalets de 4 \u00e0 16 personnes, \u00e0 15km de Megeve, \u00e0 proximit\u00e9 des pistes de ski et des randonn\u00e9es en \u00e9t\u00e9","breadcrumb":{"@id":"https:\/\/chaletsavoie.net\/index.php\/it\/dove-posso-affittare-uno-chalet-vicino-a-megeve-a-un-prezzo-piu-basso\/#breadcrumb"},"inLanguage":"fr-FR","potentialAction":[{"@type":"ReadAction","target":["https:\/\/chaletsavoie.net\/index.php\/it\/dove-posso-affittare-uno-chalet-vicino-a-megeve-a-un-prezzo-piu-basso\/"]}]},{"@type":"ImageObject","inLanguage":"fr-FR","@id":"https:\/\/chaletsavoie.net\/index.php\/it\/dove-posso-affittare-uno-chalet-vicino-a-megeve-a-un-prezzo-piu-basso\/#primaryimage","url":"https:\/\/chaletsavoie.net\/wp-content\/uploads\/2026\/02\/IMG_1648-scaled.jpg","contentUrl":"https:\/\/chaletsavoie.net\/wp-content\/uploads\/2026\/02\/IMG_1648-scaled.jpg","width":2560,"height":1440,"caption":"Les chalets d'Heidi"},{"@type":"BreadcrumbList","@id":"https:\/\/chaletsavoie.net\/index.php\/it\/dove-posso-affittare-uno-chalet-vicino-a-megeve-a-un-prezzo-piu-basso\/#breadcrumb","itemListElement":[{"@type":"ListItem","position":1,"name":"Accueil","item":"https:\/\/www.chaletsavoie.net\/index.php\/fr\/"},{"@type":"ListItem","position":2,"name":"Dove posso affittare uno chalet vicino a Meg\u00e8ve a un prezzo pi\u00f9 basso?"}]},{"@type":"WebSite","@id":"https:\/\/chaletsavoie.net\/#website","url":"https:\/\/chaletsavoie.net\/","name":"Chaletsavoie : Locations de chalets et appartements","description":"Pour les vacances, Chalets et appartements \u00e0 louer en Savoie, \u00e0 ND de Bellecombe, au coeur de l&#039;Espace Diamant","publisher":{"@id":"https:\/\/chaletsavoie.net\/#organization"},"potentialAction":[{"@type":"SearchAction","target":{"@type":"EntryPoint","urlTemplate":"https:\/\/chaletsavoie.net\/?s={search_term_string}"},"query-input":{"@type":"PropertyValueSpecification","valueRequired":true,"valueName":"search_term_string"}}],"inLanguage":"fr-FR"},{"@type":"Organization","@id":"https:\/\/chaletsavoie.net\/#organization","name":"Chaletsavoie : Locations de chalets et appartements","url":"https:\/\/chaletsavoie.net\/","logo":{"@type":"ImageObject","inLanguage":"fr-FR","@id":"https:\/\/chaletsavoie.net\/#\/schema\/logo\/image\/","url":"https:\/\/chaletsavoie.net\/wp-content\/uploads\/2022\/10\/vue-aerienne-chalets-heidi-2.jpg","contentUrl":"https:\/\/chaletsavoie.net\/wp-content\/uploads\/2022\/10\/vue-aerienne-chalets-heidi-2.jpg","width":1680,"height":705,"caption":"Chaletsavoie : Locations de chalets et appartements"},"image":{"@id":"https:\/\/chaletsavoie.net\/#\/schema\/logo\/image\/"}}]}},"_links":{"self":[{"href":"https:\/\/chaletsavoie.net\/index.php\/wp-json\/wp\/v2\/pages\/1781","targetHints":{"allow":["GET"]}}],"collection":[{"href":"https:\/\/chaletsavoie.net\/index.php\/wp-json\/wp\/v2\/pages"}],"about":[{"href":"https:\/\/chaletsavoie.net\/index.php\/wp-json\/wp\/v2\/types\/page"}],"author":[{"embeddable":true,"href":"https:\/\/chaletsavoie.net\/index.php\/wp-json\/wp\/v2\/users\/1"}],"replies":[{"embeddable":true,"href":"https:\/\/chaletsavoie.net\/index.php\/wp-json\/wp\/v2\/comments?post=1781"}],"version-history":[{"count":3,"href":"https:\/\/chaletsavoie.net\/index.php\/wp-json\/wp\/v2\/pages\/1781\/revisions"}],"predecessor-version":[{"id":1796,"href":"https:\/\/chaletsavoie.net\/index.php\/wp-json\/wp\/v2\/pages\/1781\/revisions\/1796"}],"wp:attachment":[{"href":"https:\/\/chaletsavoie.net\/index.php\/wp-json\/wp\/v2\/media?parent=1781"}],"curies":[{"name":"wp","href":"https:\/\/api.w.org\/{rel}","templated":true}]}}